{"id":27,"date":"2024-02-07T17:48:13","date_gmt":"2024-02-07T16:48:13","guid":{"rendered":"http:\/\/tarabal.fr\/?page_id=27"},"modified":"2024-11-11T16:01:40","modified_gmt":"2024-11-11T15:01:40","slug":"ateliers-communes-associations","status":"publish","type":"page","link":"https:\/\/tarabal.fr\/index.php\/les-ateliers\/ateliers-communes-associations\/","title":{"rendered":"Ateliers communes, associations"},"content":{"rendered":"\n<p>Sur la route, la compagnie a \u00e0 c\u0153ur de proposer dans les villages, villes, \u00e9coles, EHPAD, lieux associatifs\u2026 diff\u00e9rents moments de partage et de rencontre.<\/p>\n\n\n\n<p>Il peut s\u2019agir d\u2019un spectacle, d\u2019un atelier d\u2019initiation aux danses, d\u2019un petit bal, d\u2019un moment de conte ou d\u2019\u00e9changes autour de la traction animale ou du mode de vie itin\u00e9rant.<\/p>\n\n\n\n<p>Les spectacles et ateliers sont d\u00e9taill\u00e9s dans les rubriques correspondant, sachant que tout est adaptable pour convenir aux envies locales.<\/p>\n\n\n\n<p>Lorsque la compagnie voyage \u00e0 plusieurs roulottes, nous pouvons aussi organiser un petit festival sous la forme d&rsquo;un<strong> village de roulottes <\/strong>qui s&rsquo;installe dans votre commune quelques jours. Le programme est alors vari\u00e9, selon les intervenants : spectacles, atelier autour de la relation humain-cheval, du mode de vie itin\u00e9rant, initiations aux percussions corporelles, d\u00e9monstration de vannerie,  &#8230;<\/p>\n\n\n\n<p>La compagnie s&rsquo;inscrit \u00e9galement sur les territoires en proposant une <strong>\u00ab\u00a0itin\u00e9rance de village en village, \u00e0 5km\/h\u00a0\u00bb<\/strong> : chaque jour, la roulotte propose ses diff\u00e9rents ateliers dans un village voisin, chaque jour la roulotte roule d&rsquo;un village \u00e0 un autre en invitant les habitants \u00e0 la marche aux c\u00f4t\u00e9s des chevaux, avec l&rsquo;organisation d&rsquo;un spectacle ou petit bal de fin pour cl\u00f4turer l&rsquo;itin\u00e9rance collective !<\/p>\n\n\n\n<p><\/p>\n\n\n\n<figure class=\"wp-block-image size-large\"><img loading=\"lazy\" decoding=\"async\" width=\"1024\" height=\"768\" src=\"https:\/\/tarabal.fr\/wp-content\/uploads\/2024\/02\/20230830_101449-1024x768.jpg\" alt=\"\" class=\"wp-image-173\" srcset=\"https:\/\/tarabal.fr\/wp-content\/uploads\/2024\/02\/20230830_101449-1024x768.jpg 1024w, https:\/\/tarabal.fr\/wp-content\/uploads\/2024\/02\/20230830_101449-300x225.jpg 300w, https:\/\/tarabal.fr\/wp-content\/uploads\/2024\/02\/20230830_101449-768x576.jpg 768w, https:\/\/tarabal.fr\/wp-content\/uploads\/2024\/02\/20230830_101449-1536x1152.jpg 1536w, https:\/\/tarabal.fr\/wp-content\/uploads\/2024\/02\/20230830_101449-2048x1536.jpg 2048w\" sizes=\"auto, (max-width: 1024px) 100vw, 1024px\" \/><\/figure>\n","protected":false},"excerpt":{"rendered":"<p>Sur la route, la compagnie a \u00e0 c\u0153ur de proposer dans les villages, villes, \u00e9coles, EHPAD, lieux associatifs\u2026 diff\u00e9rents moments de partage et de rencontre. Il peut s\u2019agir d\u2019un spectacle, d\u2019un atelier d\u2019initiation aux danses, d\u2019un petit bal, d\u2019un moment de conte ou d\u2019\u00e9changes autour de la traction animale ou du mode de vie itin\u00e9rant. [&hellip;]<\/p>\n","protected":false},"author":1,"featured_media":0,"parent":29,"menu_order":3,"comment_status":"closed","ping_status":"closed","template":"","meta":{"footnotes":""},"class_list":["post-27","page","type-page","status-publish","hentry"],"_links":{"self":[{"href":"https:\/\/tarabal.fr\/index.php\/wp-json\/wp\/v2\/pages\/27","targetHints":{"allow":["GET"]}}],"collection":[{"href":"https:\/\/tarabal.fr\/index.php\/wp-json\/wp\/v2\/pages"}],"about":[{"href":"https:\/\/tarabal.fr\/index.php\/wp-json\/wp\/v2\/types\/page"}],"author":[{"embeddable":true,"href":"https:\/\/tarabal.fr\/index.php\/wp-json\/wp\/v2\/users\/1"}],"replies":[{"embeddable":true,"href":"https:\/\/tarabal.fr\/index.php\/wp-json\/wp\/v2\/comments?post=27"}],"version-history":[{"count":8,"href":"https:\/\/tarabal.fr\/index.php\/wp-json\/wp\/v2\/pages\/27\/revisions"}],"predecessor-version":[{"id":532,"href":"https:\/\/tarabal.fr\/index.php\/wp-json\/wp\/v2\/pages\/27\/revisions\/532"}],"up":[{"embeddable":true,"href":"https:\/\/tarabal.fr\/index.php\/wp-json\/wp\/v2\/pages\/29"}],"wp:attachment":[{"href":"https:\/\/tarabal.fr\/index.php\/wp-json\/wp\/v2\/media?parent=27"}],"curies":[{"name":"wp","href":"https:\/\/api.w.org\/{rel}","templated":true}]}}