{"id":240,"date":"2024-02-12T13:14:29","date_gmt":"2024-02-12T12:14:29","guid":{"rendered":"https:\/\/tarabal.fr\/?page_id=240"},"modified":"2025-07-28T15:09:07","modified_gmt":"2025-07-28T13:09:07","slug":"actualites","status":"publish","type":"page","link":"https:\/\/tarabal.fr\/index.php\/la-compagnie\/actualites\/","title":{"rendered":"Actualit\u00e9s"},"content":{"rendered":"\n<div class=\"wp-block-group alignfull is-layout-constrained wp-block-group-is-layout-constrained\" style=\"padding-top:var(--wp--custom--spacing--small, 1.25rem);padding-bottom:var(--wp--custom--spacing--small, 1.25rem)\">\n<div class=\"wp-block-columns alignwide has-primary-color has-text-color has-link-color wp-elements-35e778f9a0170efc2978258584ef235d is-layout-flex wp-container-core-columns-is-layout-36e9ec45 wp-block-columns-is-layout-flex\" style=\"margin-top:0px;margin-bottom:0px\">\n<div class=\"wp-block-column is-layout-flow wp-block-column-is-layout-flow\" style=\"flex-basis:66.66%\">\n<div class=\"wp-block-query is-layout-constrained wp-block-query-is-layout-constrained\"><ul class=\"wp-block-post-template is-layout-flow wp-block-post-template-is-layout-flow\"><li class=\"wp-block-post post-675 post type-post status-publish format-standard hentry category-non-classe\">\n<h2 style=\"font-style:normal;font-weight:300; margin-top:0;margin-bottom:1rem;\" class=\"has-link-color wp-elements-a21dad5937e9611961dcfaadd8795e97 wp-block-post-title has-text-color has-primary-color has-var-wp-custom-typography-font-size-huge-clamp-2-25-rem-4-vw-2-75-rem-font-size\"><a href=\"https:\/\/tarabal.fr\/index.php\/2026\/03\/05\/nouvelle-saison-en-perspective\/\" target=\"_self\" >Nouvelle saison en perspective<\/a><\/h2>\n\n<div class=\"wp-block-post-excerpt\"><p class=\"wp-block-post-excerpt__excerpt\">Les chevaux et la roulotte, en hivernage en sud Haute-Vienne pour l&rsquo;hiver, voient d&rsquo;un bel \u0153il l&rsquo;arriv\u00e9e des premiers bourgeons printaniers. Les beaux jours permettent un dernier entretien de la roulotte (peinture, am\u00e9nagements). Les juments ont un beau poil d&rsquo;hiver qui leur tient encore chaud pendant les nuits fra\u00eeches, mais d\u00e9sormais elles profitent aussi de\u2026 <\/p><\/div>\n\n\n<div class=\"wp-block-group is-layout-flex wp-block-group-is-layout-flex\"><div style=\"font-style:normal;font-weight:400;\" class=\"wp-block-post-date has-small-font-size\"><time datetime=\"2026-03-05T10:21:18+01:00\">mars 5, 2026<\/time><\/div>\n\n<div class=\"taxonomy-category wp-block-post-terms has-small-font-size\"><a href=\"https:\/\/tarabal.fr\/index.php\/category\/non-classe\/\" rel=\"tag\">Non class\u00e9<\/a><\/div>\n\n<\/div>\n\n\n\n<div style=\"height:128px\" aria-hidden=\"true\" class=\"wp-block-spacer\"><\/div>\n\n<\/li><li class=\"wp-block-post post-556 post type-post status-publish format-standard hentry category-non-classe\">\n<h2 style=\"font-style:normal;font-weight:300; margin-top:0;margin-bottom:1rem;\" class=\"has-link-color wp-elements-a21dad5937e9611961dcfaadd8795e97 wp-block-post-title has-text-color has-primary-color has-var-wp-custom-typography-font-size-huge-clamp-2-25-rem-4-vw-2-75-rem-font-size\"><a href=\"https:\/\/tarabal.fr\/index.php\/2025\/04\/15\/passage-a-lehpad-de-lanouaille\/\" target=\"_self\" >Passage \u00e0 l&rsquo;Ehpad de Lanouaille<\/a><\/h2>\n\n<div class=\"wp-block-post-excerpt\"><p class=\"wp-block-post-excerpt__excerpt\"> <\/p><\/div>\n\n\n<div class=\"wp-block-group is-layout-flex wp-block-group-is-layout-flex\"><div style=\"font-style:normal;font-weight:400;\" class=\"wp-block-post-date has-small-font-size\"><time datetime=\"2025-04-15T18:43:44+02:00\">avril 15, 2025<\/time><\/div>\n\n<div class=\"taxonomy-category wp-block-post-terms has-small-font-size\"><a href=\"https:\/\/tarabal.fr\/index.php\/category\/non-classe\/\" rel=\"tag\">Non class\u00e9<\/a><\/div>\n\n<\/div>\n\n\n\n<div style=\"height:128px\" aria-hidden=\"true\" class=\"wp-block-spacer\"><\/div>\n\n<\/li><li class=\"wp-block-post post-431 post type-post status-publish format-standard hentry category-non-classe\">\n<h2 style=\"font-style:normal;font-weight:300; margin-top:0;margin-bottom:1rem;\" class=\"has-link-color wp-elements-a21dad5937e9611961dcfaadd8795e97 wp-block-post-title has-text-color has-primary-color has-var-wp-custom-typography-font-size-huge-clamp-2-25-rem-4-vw-2-75-rem-font-size\"><a href=\"https:\/\/tarabal.fr\/index.php\/2024\/11\/04\/cest-deja-bientot-lhiver\/\" target=\"_self\" >C&rsquo;est d\u00e9j\u00e0 bient\u00f4t l&rsquo;hiver<\/a><\/h2>\n\n<div class=\"wp-block-post-excerpt\"><p class=\"wp-block-post-excerpt__excerpt\">Apr\u00e8s une itin\u00e9rance et quelques spectacles jou\u00e9s dans le P\u00e9rigord vert avec une autre roulotte de l&rsquo;association \u00ab\u00a0Alterconnections\u00a0\u00bb, la roulotte se pose pour l\u2019hiver au Tindeix, \u00e0 Jumilhac-le-grand, au Nord Est de la Dordogne. Au programme&nbsp;: une saison de boulange chez des paysans boulangers, prendre du temps pour peaufiner les spectacles existants, travailler la musique,\u2026 <\/p><\/div>\n\n\n<div class=\"wp-block-group is-layout-flex wp-block-group-is-layout-flex\"><div style=\"font-style:normal;font-weight:400;\" class=\"wp-block-post-date has-small-font-size\"><time datetime=\"2024-11-04T18:50:21+01:00\">novembre 4, 2024<\/time><\/div>\n\n<div class=\"taxonomy-category wp-block-post-terms has-small-font-size\"><a href=\"https:\/\/tarabal.fr\/index.php\/category\/non-classe\/\" rel=\"tag\">Non class\u00e9<\/a><\/div>\n\n<\/div>\n\n\n\n<div style=\"height:128px\" aria-hidden=\"true\" class=\"wp-block-spacer\"><\/div>\n\n<\/li><li class=\"wp-block-post post-406 post type-post status-publish format-standard hentry category-non-classe\">\n<h2 style=\"font-style:normal;font-weight:300; margin-top:0;margin-bottom:1rem;\" class=\"has-link-color wp-elements-a21dad5937e9611961dcfaadd8795e97 wp-block-post-title has-text-color has-primary-color has-var-wp-custom-typography-font-size-huge-clamp-2-25-rem-4-vw-2-75-rem-font-size\"><a href=\"https:\/\/tarabal.fr\/index.php\/2024\/09\/07\/reprise-en-paire\/\" target=\"_self\" >Reprise en paire<\/a><\/h2>\n\n<div class=\"wp-block-post-excerpt\"><p class=\"wp-block-post-excerpt__excerpt\">La compagnie est repartie de plus belle, \u00e0 la fin ao\u00fbt. Le travail de cet \u00e9t\u00e9 \u00e9tait intense et a port\u00e9 ces fruits : c&rsquo;est d\u00e9sormais en paire (avec les 2 juments attel\u00e9es \u00e0 l&rsquo;avant) que la compagnie avance, et avec une nouvelle roulotte un peu plus grande ! La roulotte Tarabal a rejoint celle\u2026 <\/p><\/div>\n\n\n<div class=\"wp-block-group is-layout-flex wp-block-group-is-layout-flex\"><div style=\"font-style:normal;font-weight:400;\" class=\"wp-block-post-date has-small-font-size\"><time datetime=\"2024-09-07T16:11:04+02:00\">septembre 7, 2024<\/time><\/div>\n\n<div class=\"taxonomy-category wp-block-post-terms has-small-font-size\"><a href=\"https:\/\/tarabal.fr\/index.php\/category\/non-classe\/\" rel=\"tag\">Non class\u00e9<\/a><\/div>\n\n<\/div>\n\n\n\n<div style=\"height:128px\" aria-hidden=\"true\" class=\"wp-block-spacer\"><\/div>\n\n<\/li><li class=\"wp-block-post post-385 post type-post status-publish format-standard hentry category-non-classe\">\n<h2 style=\"font-style:normal;font-weight:300; margin-top:0;margin-bottom:1rem;\" class=\"has-link-color wp-elements-a21dad5937e9611961dcfaadd8795e97 wp-block-post-title has-text-color has-primary-color has-var-wp-custom-typography-font-size-huge-clamp-2-25-rem-4-vw-2-75-rem-font-size\"><a href=\"https:\/\/tarabal.fr\/index.php\/2024\/06\/21\/projets-de-lete\/\" target=\"_self\" >Projets de l&rsquo;\u00e9t\u00e9<\/a><\/h2>\n\n<div class=\"wp-block-post-excerpt\"><p class=\"wp-block-post-excerpt__excerpt\">La roulotte a bien sillonn\u00e9 tout le printemps : Creuse, Corr\u00e8ze, Dordogne et Haute-Vienne \u00e0 la rencontre des \u00e9coles, villages et fermes. Les paysages ont encore \u00e9t\u00e9 d&rsquo;une belle diversit\u00e9 : des milles sources du plateau des millevaches au milles \u00e9tangs de la Dordogne, des grandes \u00e9tendues canadiennes du Lonzac aux valons de la Haute\u2026 <\/p><\/div>\n\n\n<div class=\"wp-block-group is-layout-flex wp-block-group-is-layout-flex\"><div style=\"font-style:normal;font-weight:400;\" class=\"wp-block-post-date has-small-font-size\"><time datetime=\"2024-06-21T15:15:35+02:00\">juin 21, 2024<\/time><\/div>\n\n<div class=\"taxonomy-category wp-block-post-terms has-small-font-size\"><a href=\"https:\/\/tarabal.fr\/index.php\/category\/non-classe\/\" rel=\"tag\">Non class\u00e9<\/a><\/div>\n\n<\/div>\n\n\n\n<div style=\"height:128px\" aria-hidden=\"true\" class=\"wp-block-spacer\"><\/div>\n\n<\/li><\/ul>\n\n<nav class=\"alignwide wp-block-query-pagination is-content-justification-space-between is-layout-flex wp-container-core-query-pagination-is-layout-b2891da8 wp-block-query-pagination-is-layout-flex\" aria-label=\"Pagination\">\n\n\n<div class=\"wp-block-query-pagination-numbers\"><span aria-current=\"page\" class=\"page-numbers current\">1<\/span>\n<a class=\"page-numbers\" href=\"?query-6-page=2\">2<\/a><\/div>\n\n<a href=\"\/index.php\/wp-json\/wp\/v2\/pages\/240?query-6-page=2\" class=\"wp-block-query-pagination-next has-small-font-size\">Page suivante<span class='wp-block-query-pagination-next-arrow is-arrow-arrow' aria-hidden='true'>\u2192<\/span><\/a>\n<\/nav><\/div>\n<\/div>\n<\/div>\n<\/div>\n","protected":false},"excerpt":{"rendered":"","protected":false},"author":1,"featured_media":0,"parent":247,"menu_order":3,"comment_status":"closed","ping_status":"closed","template":"","meta":{"footnotes":""},"class_list":["post-240","page","type-page","status-publish","hentry"],"_links":{"self":[{"href":"https:\/\/tarabal.fr\/index.php\/wp-json\/wp\/v2\/pages\/240","targetHints":{"allow":["GET"]}}],"collection":[{"href":"https:\/\/tarabal.fr\/index.php\/wp-json\/wp\/v2\/pages"}],"about":[{"href":"https:\/\/tarabal.fr\/index.php\/wp-json\/wp\/v2\/types\/page"}],"author":[{"embeddable":true,"href":"https:\/\/tarabal.fr\/index.php\/wp-json\/wp\/v2\/users\/1"}],"replies":[{"embeddable":true,"href":"https:\/\/tarabal.fr\/index.php\/wp-json\/wp\/v2\/comments?post=240"}],"version-history":[{"count":3,"href":"https:\/\/tarabal.fr\/index.php\/wp-json\/wp\/v2\/pages\/240\/revisions"}],"predecessor-version":[{"id":515,"href":"https:\/\/tarabal.fr\/index.php\/wp-json\/wp\/v2\/pages\/240\/revisions\/515"}],"up":[{"embeddable":true,"href":"https:\/\/tarabal.fr\/index.php\/wp-json\/wp\/v2\/pages\/247"}],"wp:attachment":[{"href":"https:\/\/tarabal.fr\/index.php\/wp-json\/wp\/v2\/media?parent=240"}],"curies":[{"name":"wp","href":"https:\/\/api.w.org\/{rel}","templated":true}]}}