{"id":13,"date":"2024-02-07T17:45:35","date_gmt":"2024-02-07T16:45:35","guid":{"rendered":"http:\/\/tarabal.fr\/?page_id=13"},"modified":"2025-06-01T13:04:54","modified_gmt":"2025-06-01T11:04:54","slug":"vent-des-balkans","status":"publish","type":"page","link":"https:\/\/tarabal.fr\/index.php\/les-creations\/les-differents-spectacles\/vent-des-balkans\/","title":{"rendered":"Vent des Balkans"},"content":{"rendered":"\n<p><\/p>\n\n\n\n<figure class=\"wp-block-image size-large\"><img loading=\"lazy\" decoding=\"async\" width=\"1024\" height=\"768\" src=\"https:\/\/tarabal.fr\/wp-content\/uploads\/2024\/02\/SPECTACLE-20230820_182441-1024x768.jpg\" alt=\"\" class=\"wp-image-101\" srcset=\"https:\/\/tarabal.fr\/wp-content\/uploads\/2024\/02\/SPECTACLE-20230820_182441-1024x768.jpg 1024w, https:\/\/tarabal.fr\/wp-content\/uploads\/2024\/02\/SPECTACLE-20230820_182441-300x225.jpg 300w, https:\/\/tarabal.fr\/wp-content\/uploads\/2024\/02\/SPECTACLE-20230820_182441-768x576.jpg 768w, https:\/\/tarabal.fr\/wp-content\/uploads\/2024\/02\/SPECTACLE-20230820_182441-1536x1152.jpg 1536w, https:\/\/tarabal.fr\/wp-content\/uploads\/2024\/02\/SPECTACLE-20230820_182441-2048x1536.jpg 2048w\" sizes=\"auto, (max-width: 1024px) 100vw, 1024px\" \/><\/figure>\n\n\n\n<p><\/p>\n\n\n\n<p>Dans un jeu interactif avec le public, un saltimbanque raconte des histoires v\u00e9cues durant 3 ann\u00e9es \u00e0 cheval et \u00e0 roulotte, dans les pays d&rsquo;Europe de l&rsquo;est, chants et m\u00e9lodies glan\u00e9s sont jou\u00e9s. R\u00e9cit humaniste, joyeux, color\u00e9.<\/p>\n\n\n\n<div style=\"height:100px\" aria-hidden=\"true\" class=\"wp-block-spacer\"><\/div>\n\n\n\n<p>Le spectacle est jou\u00e9 id\u00e9alement en ext\u00e9rieur autour de la roulotte et aupr\u00e8s des chevaux, il peut aussi \u00eatre jou\u00e9 en int\u00e9rieur dans une version minimaliste mais d&rsquo;autant plus \u00e9nergique!<\/p>\n\n\n\n<p><\/p>\n\n\n\n<figure class=\"wp-block-image size-large\"><img loading=\"lazy\" decoding=\"async\" width=\"1024\" height=\"683\" src=\"https:\/\/tarabal.fr\/wp-content\/uploads\/2024\/02\/20230722-Port-de-Terre-2-1024x683.jpg\" alt=\"\" class=\"wp-image-103\" srcset=\"https:\/\/tarabal.fr\/wp-content\/uploads\/2024\/02\/20230722-Port-de-Terre-2-1024x683.jpg 1024w, https:\/\/tarabal.fr\/wp-content\/uploads\/2024\/02\/20230722-Port-de-Terre-2-300x200.jpg 300w, https:\/\/tarabal.fr\/wp-content\/uploads\/2024\/02\/20230722-Port-de-Terre-2-768x512.jpg 768w, https:\/\/tarabal.fr\/wp-content\/uploads\/2024\/02\/20230722-Port-de-Terre-2.jpg 1440w\" sizes=\"auto, (max-width: 1024px) 100vw, 1024px\" \/><\/figure>\n\n\n\n<div style=\"height:100px\" aria-hidden=\"true\" class=\"wp-block-spacer\"><\/div>\n\n\n\n<p class=\"has-text-align-right\"><em>Clarinette, percussion, chant et r\u00e9cits<\/em><\/p>\n\n\n\n<p class=\"has-text-align-right\"><em>A partir de 12 ans <\/em><\/p>\n\n\n\n<p class=\"has-text-align-right\"><em>Dur\u00e9e : 60 minutes<\/em><\/p>\n","protected":false},"excerpt":{"rendered":"<p>Dans un jeu interactif avec le public, un saltimbanque raconte des histoires v\u00e9cues durant 3 ann\u00e9es \u00e0 cheval et \u00e0 roulotte, dans les pays d&rsquo;Europe de l&rsquo;est, chants et m\u00e9lodies glan\u00e9s sont jou\u00e9s. R\u00e9cit humaniste, joyeux, color\u00e9. Le spectacle est jou\u00e9 id\u00e9alement en ext\u00e9rieur autour de la roulotte et aupr\u00e8s des chevaux, il peut aussi [&hellip;]<\/p>\n","protected":false},"author":1,"featured_media":0,"parent":587,"menu_order":0,"comment_status":"closed","ping_status":"closed","template":"","meta":{"footnotes":""},"class_list":["post-13","page","type-page","status-publish","hentry"],"_links":{"self":[{"href":"https:\/\/tarabal.fr\/index.php\/wp-json\/wp\/v2\/pages\/13","targetHints":{"allow":["GET"]}}],"collection":[{"href":"https:\/\/tarabal.fr\/index.php\/wp-json\/wp\/v2\/pages"}],"about":[{"href":"https:\/\/tarabal.fr\/index.php\/wp-json\/wp\/v2\/types\/page"}],"author":[{"embeddable":true,"href":"https:\/\/tarabal.fr\/index.php\/wp-json\/wp\/v2\/users\/1"}],"replies":[{"embeddable":true,"href":"https:\/\/tarabal.fr\/index.php\/wp-json\/wp\/v2\/comments?post=13"}],"version-history":[{"count":18,"href":"https:\/\/tarabal.fr\/index.php\/wp-json\/wp\/v2\/pages\/13\/revisions"}],"predecessor-version":[{"id":611,"href":"https:\/\/tarabal.fr\/index.php\/wp-json\/wp\/v2\/pages\/13\/revisions\/611"}],"up":[{"embeddable":true,"href":"https:\/\/tarabal.fr\/index.php\/wp-json\/wp\/v2\/pages\/587"}],"wp:attachment":[{"href":"https:\/\/tarabal.fr\/index.php\/wp-json\/wp\/v2\/media?parent=13"}],"curies":[{"name":"wp","href":"https:\/\/api.w.org\/{rel}","templated":true}]}}